der when 901 is divided by 279.
64
Calculate the remainder when 485 is divided by 131.
92
What is the remainder when 46 is divided by 24?
22
What is the remainder when 885 is divided by 224?
213
Calculate the remainder when 2121 is divided by 151.
7
Calculate the remainder when 693 is divided by 102.
81
What is the remainder when 377 is divided by 76?
73
What is the remainder when 116 is divided by 9?
8
Calculate the remainder when 2063 is divided by 298.
275
Calculate the remainder when 74 is divided by 57.
17
What is the remainder when 214 is divided by 32?
22
Calculate the remainder when 114 is divided by 2.
0
What is the remainder when 82 is divided by 12?
10
What is the remainder when 727 is divided by 90?
7
What is the remainder when 3201 is divided by 84?
9
Calculate the remainder when 43 is divided by 21.
1
What is the remainder when 41 is divided by 26?
15
Calculate the remainder when 2379 is divided by 95.
4
Calculate the remainder when 174 is divided by 32.
14
Calculate the remainder when 40 is divided by 2.
0
What is the remainder when 242 is divided by 16?
2
What is the remainder when 7762 is divided by 25?
12
What is the remainder when 90 is divided by 23?
21
Calculate the remainder when 85 is divided by 34.
17
What is the remainder when 88 is divided by 20?
8
What is the remainder when 78 is divided by 76?
2
Calculate the remainder when 299 is divided by 5.
4
Calculate the remainder when 309 is divided by 233.
76
What is the remainder when 3417 is divided by 51?
0
What is the remainder when 3639 is divided by 304?
295
Calculate the remainder when 6582 is divided by 244.
238
What is the remainder when 374 is divided by 54?
50
What is the remainder when 14268 is divided by 7131?
6
Calculate the remainder when 164 is divided by 83.
81
Calculate the remainder when 5309 is divided by 47.
45
What is the remainder when 189 is divided by 49?
42
Calculate the remainder when 669 is divided by 236.
197
What is the remainder when 4031 is divided by 96?
95
What is the remainder when 4381 is divided by 9?
7
What is the remainder when 245 is divided by 13?
11
Calculate the remainder when 7327 is divided by 78.
73
What is the remainder when 749 is divided by 8?
5
Calculate the remainder when 251 is divided by 95.
61
What is the remainder when 153 is divided by 42?
27
What is the remainder when 187 is divided by 49?
40
Calculate the remainder when 3595 is divided by 120.
115
Calculate the remainder when 312 is divided by 63.
60
Calculate the remainder when 255 is divided by 5.
0
What is the remainder when 394 is divided by 27?
16
Calculate the remainder when 97 is divided by 35.
27
Calculate the remainder when 547 is divided by 244.
59
Calculate the remainder when 547 is divided by 79.
73
What is the remainder when 183 is divided by 12?
3
Calculate the remainder when 368 is divided by 7.
4
What is the remainder when 89 is divided by 55?
34
What is the remainder when 446 is divided by 16?
14
What is the remainder when 1675 is divided by 49?
9
Calculate the remainder when 1502 is divided by 43.
40
What is the remainder when 503 is divided by 56?
55
What is the remainder when 42 is divided by 22?
20
What is the remainder when 108 is divided by 22?
20
Calculate the remainder when 794 is divided by 199.
197
What is the remainder when 138 is divided by 43?
9
What is the remainder when 483 is divided by 49?
42
What is the remainder when 806 is divided by 18?
14
What is the remainder when 532 is divided by 15?
7
What is the remainder when 143 is divided by 48?
47
What is the remainder when 115 is divided by 30?
25
What is the remainder when 6732 is divided by 25?
7
What is the remainder when 301 is divided by 38?
35
What is the remainder when 110 is divided by 25?
10
What is the remainder when 171 is divided by 24?
3
Calculate the remainder when 726 is divided by 52.
50
What is the remainder when 255 is divided by 136?
119
Calculate the remainder when 3639 is divided by 20.
19
What is the remainder when 2797 is divided by 24?
13
What is the remainder when 8429 is divided by 4204?
21
Calculate the remainder when 5192 is divided by 53.
51
What is the remainder when 124 is divided by 27?
16
Calculate the remainder when 127 is divided by 44.
39
What is the remainder when 358 is divided by 9?
7
Calculate the remainder when 214 is divided by 126.
88
What is the remainder when 845 is divided by 47?
46
Calculate the remainder when 1476 is divided by 445.
141
Calculate the remainder when 5537 is divided by 292.
281
What is the remainder when 98 is divided by 42?
14
What is the remainder when 691 is divided by 62?
9
Calculate the remainder when 106 is divided by 60.
46
Calculate the remainder when 106 is divided by 24.
10
What is the remainder when 655 is divided by 17?
9
What is the remainder when 2950 is divided by 420?
10
What is the remainder when 32 is divided by 7?
4
What is the remainder when 118 is divided by 72?
46
Calculate the remainder when 171 is divided by 83.
5
What is the remainder when 683 is divided by 167?
15
What is the remainder when 267 is divided by 72?
51
Calculate the remainder when 8609 is divided by 70.
69
What is the remainder when 372 is divided by 130?
112
Calculate the remainder when 2892 is divided by 963.
3
What is the remainder when 2685 is divided by 192?
189
What is the remainder when 82 is divided by 13?
4
Calculate the remainder when 242 is divided by 108.
26
What is the remainder when 266 is divided by 54?
50
What is the remainder when 6929 is divided by 3461?
7
Calculate the remainder when 1409 is divided by 154.
23
Calculate the remainder when 484 is divided by 123.
115
What is the remainder when 187 is divided by 38?
35
Calculate the remainder when 3286 is divided by 103.
93
What is the remainder when 2884 is divided by 74?
72
What is the remainder when 1993 is divided by 95?
93
Calculate the remainder when 523 is divided by 90.
73
What is the remainder when 167 is divided by 41?
3
Calculate the remainder when 164 is divided by 64.
36
Calculate the remainder when 1480 is divided by 246.
4
What is the remainder when 1545 is divided by 17?
15
What is the remainder when 921 is divided by 22?
19
What is the remainder when 2676 is divided by 67?
63
What is the remainder when 2038 is divided by 435?
298
Calculate the remainder when 84 is divided by 69.
15
What is the remainder when 606 is divided by 100?
6
What is the remainder when 369 is divided by 10?
9
Calculate the remainder when 455 is divided by 18.
5
Calculate the remainder when 280 is divided by 13.
7
What is the remainder when 4085 is divided by 62?
55
What is the remainder when 36 is divided by 36?
0
What is the remainder when 4694 is divided by 7?
4
What is the remainder when 116 is divided by 25?
16
What is the remainder when 27 is divided by 9?
0
What is the remainder when 115 is divided by 13?
11
What is the remainder when 45 is divided by 39?
6
Calculate the remainder when 131 is divided by 2.
1
What is the remainder when 455 is divided by 378?
77
What is the remainder when 170 is divided by 71?
28
Calculate the remainder when 452 is divided by 51.
44
What is the remainder when 12197 is divided by 122?
119
Calculate the remainder when 148 is divided by 17.
12
What is the remainder when 1229 is divided by 88?
85
Calculate the remainder when 160 is divided by 41.
37
Calculate the remainder when 1929 is divided by 22.
15
What is the remainder when 546 is divided by 41?
13
Calculate the remainder when 28 is divided by 16.
12
Calculate the remainder when 172 is divided by 166.
6
Calculate the remainder when 2091 is divided by 16.
11
What is the remainder when 172 is divided by 29?
27
Calculate the remainder when 27 is divided by 10.
7
Calculate the remainder when 1127 is divided by 189.
182
What is the remainder when 421 is divided by 13?
5
Calculate the remainder when 45 is divided by 19.
7
What is the remainder when 191 is divided by 30?
11
Calculate the remainder when 3483 is divided by 17.
15
What is the remainder when 2205 is divided by 130?
125
Calculate the remainder when 489 is divided by 170.
149
Calculate the remainder when 1714 is divided by 21.
13
Calculate the remainder when 296 is divided by 151.
145
What is the remainder when 558 is divided by 43?